    {"id":1548,"date":"2023-09-06T10:50:59","date_gmt":"2023-09-06T15:50:59","guid":{"rendered":"https:\/\/duayc.com.mx\/?page_id=1548"},"modified":"2025-07-19T11:48:25","modified_gmt":"2025-07-19T16:48:25","slug":"quienes-somos","status":"publish","type":"page","link":"https:\/\/duayc.com.mx\/?page_id=1548","title":{"rendered":"\u00bfQuienes Somos?"},"content":{"rendered":"<p>[et_pb_section fb_built=\u00bb1&#8243; admin_label=\u00bbHeader\u00bb _builder_version=\u00bb4.22.1&#8243; _module_preset=\u00bbdefault\u00bb use_background_color_gradient=\u00bbon\u00bb background_color_gradient_direction=\u00bb201deg\u00bb background_color_gradient_stops=\u00bb#dfe2e7 9%|rgba(223,226,231,0) 100%\u00bb background_color_gradient_overlays_image=\u00bbon\u00bb background_image=\u00bbhttps:\/\/duayc.com.mx\/wp-content\/uploads\/249356281_2242146885925278_7402362033707135178_n.jpg\u00bb custom_padding=\u00bb||0px||false|false\u00bb collapsed=\u00bbon\u00bb global_colors_info=\u00bb{}\u00bb][et_pb_row _builder_version=\u00bb4.19.2&#8243; _module_preset=\u00bbdefault\u00bb positioning=\u00bbabsolute\u00bb position_origin_a=\u00bbtop_right\u00bb custom_padding=\u00bb0px||0px||true|false\u00bb global_colors_info=\u00bb{}\u00bb][et_pb_column type=\u00bb4_4&#8243; _builder_version=\u00bb4.19.2&#8243; _module_preset=\u00bbdefault\u00bb global_colors_info=\u00bb{}\u00bb][et_pb_image src=\u00bbhttps:\/\/duayc.com.mx\/wp-content\/uploads\/civil-engineering-5.png\u00bb title_text=\u00bbcivil-engineering-5&#8243; align=\u00bbright\u00bb _builder_version=\u00bb4.19.2&#8243; _module_preset=\u00bbdefault\u00bb width=\u00bb24%\u00bb global_colors_info=\u00bb{}\u00bb][\/et_pb_image][\/et_pb_column][\/et_pb_row][et_pb_row _builder_version=\u00bb4.19.2&#8243; _module_preset=\u00bbdefault\u00bb custom_padding=\u00bb||0px||false|false\u00bb global_colors_info=\u00bb{}\u00bb][et_pb_column type=\u00bb4_4&#8243; _builder_version=\u00bb4.19.2&#8243; _module_preset=\u00bbdefault\u00bb global_colors_info=\u00bb{}\u00bb][et_pb_text _builder_version=\u00bb4.22.1&#8243; _module_preset=\u00bbff1f52a7-cacc-410d-b5d0-221a44beb188&#8243; max_width=\u00bb700px\u00bb hover_enabled=\u00bb0&#8243; global_colors_info=\u00bb{}\u00bb sticky_enabled=\u00bb0&#8243;]<\/p>\n<h1>Estudio DUAyC<\/h1>\n<blockquote>\n<p><strong>Dise\u00f1o Urbano, Arquitectura y Construcci\u00f3n\u00a0<\/strong><\/p>\n<\/blockquote>\n<p>[\/et_pb_text][\/et_pb_column][\/et_pb_row][et_pb_row column_structure=\u00bb1_2,1_2&#8243; use_custom_gutter=\u00bbon\u00bb gutter_width=\u00bb1&#8243; _builder_version=\u00bb4.19.2&#8243; _module_preset=\u00bbdefault\u00bb custom_padding=\u00bb0px||0px||true|false\u00bb global_colors_info=\u00bb{}\u00bb][et_pb_column type=\u00bb1_2&#8243; _builder_version=\u00bb4.19.2&#8243; _module_preset=\u00bbdefault\u00bb global_colors_info=\u00bb{}\u00bb][et_pb_text _builder_version=\u00bb4.22.1&#8243; _module_preset=\u00bbd4ca95f0-5971-41bb-9927-754dc4bbdc44&#8243; text_text_color=\u00bb#FFFFFF\u00bb header_text_color=\u00bb#FFFFFF\u00bb header_2_text_color=\u00bb#FFFFFF\u00bb background_color=\u00bbrgba(37,67,122,0.84)\u00bb background_pattern_horizontal_offset=\u00bb59%\u00bb background_pattern_vertical_offset=\u00bb81%\u00bb width_tablet=\u00bb100%\u00bb width_phone=\u00bb100%\u00bb width_last_edited=\u00bboff|desktop\u00bb custom_margin=\u00bb||0px||false|false\u00bb custom_padding=\u00bb40px|40px|40px|40px|true|true\u00bb custom_padding_tablet=\u00bb30px|30px|30px|30px|true|true\u00bb custom_padding_phone=\u00bb20px|20px|20px|20px|true|true\u00bb custom_padding_last_edited=\u00bbon|desktop\u00bb global_colors_info=\u00bb{}\u00bb]<\/p>\n<h2 style=\"text-align: left;\">Los logros de una organizaci\u00f3n son los resultados del esfuerzo combinado de todos los individuos.<\/h2>\n<p>[\/et_pb_text][et_pb_image src=\u00bbhttps:\/\/duayc.com.mx\/wp-content\/uploads\/civil-engineering-6.png\u00bb title_text=\u00bbcivil-engineering-6&#8243; _builder_version=\u00bb4.19.2&#8243; _module_preset=\u00bbdefault\u00bb transform_translate=\u00bb-100%|100%\u00bb transform_translate_linked=\u00bboff\u00bb positioning=\u00bbabsolute\u00bb position_origin_a=\u00bbbottom_left\u00bb width=\u00bb16%\u00bb locked=\u00bboff\u00bb global_colors_info=\u00bb{}\u00bb][\/et_pb_image][\/et_pb_column][et_pb_column type=\u00bb1_2&#8243; _builder_version=\u00bb4.19.2&#8243; _module_preset=\u00bbdefault\u00bb global_colors_info=\u00bb{}\u00bb][\/et_pb_column][\/et_pb_row][et_pb_row column_structure=\u00bb1_2,1_2&#8243; use_custom_gutter=\u00bbon\u00bb gutter_width=\u00bb1&#8243; _builder_version=\u00bb4.19.2&#8243; _module_preset=\u00bbdefault\u00bb custom_padding=\u00bb0px||0px||true|false\u00bb global_colors_info=\u00bb{}\u00bb][et_pb_column type=\u00bb1_2&#8243; _builder_version=\u00bb4.19.2&#8243; _module_preset=\u00bbdefault\u00bb global_colors_info=\u00bb{}\u00bb][\/et_pb_column][et_pb_column type=\u00bb1_2&#8243; _builder_version=\u00bb4.19.2&#8243; _module_preset=\u00bbdefault\u00bb global_colors_info=\u00bb{}\u00bb][\/et_pb_column][\/et_pb_row][et_pb_row column_structure=\u00bb1_2,1_2&#8243; _builder_version=\u00bb4.19.2&#8243; _module_preset=\u00bbdefault\u00bb custom_padding=\u00bb||0px||false|false\u00bb global_colors_info=\u00bb{}\u00bb][et_pb_column type=\u00bb1_2&#8243; _builder_version=\u00bb4.19.2&#8243; _module_preset=\u00bbdefault\u00bb global_colors_info=\u00bb{}\u00bb][\/et_pb_column][et_pb_column type=\u00bb1_2&#8243; _builder_version=\u00bb4.19.2&#8243; _module_preset=\u00bbdefault\u00bb global_colors_info=\u00bb{}\u00bb][et_pb_image src=\u00bbhttps:\/\/duayc.com.mx\/wp-content\/uploads\/civil-engineering-8.png\u00bb title_text=\u00bbcivil-engineering-8&#8243; align=\u00bbright\u00bb _builder_version=\u00bb4.19.2&#8243; _module_preset=\u00bbdefault\u00bb width=\u00bb305px\u00bb custom_margin=\u00bb||-76px||false|false\u00bb global_colors_info=\u00bb{}\u00bb][\/et_pb_image][\/et_pb_column][\/et_pb_row][\/et_pb_section][et_pb_section fb_built=\u00bb1&#8243; custom_padding_last_edited=\u00bbon|tablet\u00bb admin_label=\u00bbAbout\u00bb _builder_version=\u00bb4.19.2&#8243; _module_preset=\u00bbdefault\u00bb custom_padding=\u00bb90px||||false|false\u00bb custom_padding_tablet=\u00bb12%||||false|false\u00bb custom_padding_phone=\u00bb12%||||false|false\u00bb collapsed=\u00bbon\u00bb global_colors_info=\u00bb{}\u00bb][et_pb_row column_structure=\u00bb1_2,1_2&#8243; _builder_version=\u00bb4.19.2&#8243; _module_preset=\u00bbdefault\u00bb global_colors_info=\u00bb{}\u00bb][et_pb_column type=\u00bb1_2&#8243; _builder_version=\u00bb4.19.2&#8243; _module_preset=\u00bbdefault\u00bb custom_padding=\u00bb|5%|90px||false|false\u00bb custom_padding_tablet=\u00bb|0%|30px||false|false\u00bb custom_padding_phone=\u00bb|0%|30px||false|false\u00bb custom_padding_last_edited=\u00bbon|tablet\u00bb global_colors_info=\u00bb{}\u00bb][et_pb_text _builder_version=\u00bb4.22.1&#8243; _module_preset=\u00bbeb389f42-de5c-42e0-8134-606f2dbbb7de\u00bb hover_enabled=\u00bb0&#8243; global_colors_info=\u00bb{}\u00bb sticky_enabled=\u00bb0&#8243;]<\/p>\n<h3><img decoding=\"async\" loading=\"lazy\" src=\"https:\/\/duayc.com.mx\/wp-content\/uploads\/logo-mundo-horizontal-300x119.png\" width=\"300\" height=\"119\" alt=\"\" class=\"wp-image-2224 alignnone size-medium\" \/><\/h3>\n<p>[\/et_pb_text][et_pb_text _builder_version=\u00bb4.22.1&#8243; _module_preset=\u00bbd4ca95f0-5971-41bb-9927-754dc4bbdc44&#8243; hover_enabled=\u00bb0&#8243; global_colors_info=\u00bb{}\u00bb sticky_enabled=\u00bb0&#8243;]En el a\u00f1o de 1995 se constituye el despacho particular del arquitecto Juan Antonio V\u00e1zquez Garc\u00eda, como un despacho de dise\u00f1o y construcci\u00f3n para atender el mercado de vivienda en la ciudad de San Francisco de Campeche, espec\u00edficamente atendiendo el mercado de la Iniciativa privada y de derechohabientes del Infonavit.<\/p>\n<p>Para el a\u00f1o 2010 el despacho apertura con nuevo servicio profesional como Director responsable de obra o perito. es la prestaci\u00f3n de servicio externo para aquellas empresas privadas, personas f\u00edsicas u organismos p\u00fablicos que lo requieran.[\/et_pb_text][\/et_pb_column][et_pb_column type=\u00bb1_2&#8243; _builder_version=\u00bb4.19.2&#8243; _module_preset=\u00bbdefault\u00bb global_colors_info=\u00bb{}\u00bb][et_pb_image src=\u00bbhttps:\/\/duayc.com.mx\/wp-content\/uploads\/Screenshot_3.png\u00bb title_text=\u00bbScreenshot_3&#8243; _builder_version=\u00bb4.22.1&#8243; _module_preset=\u00bbdefault\u00bb custom_margin=\u00bb||0px||false|false\u00bb global_colors_info=\u00bb{}\u00bb][\/et_pb_image][et_pb_image src=\u00bbhttps:\/\/duayc.com.mx\/wp-content\/uploads\/Screenshot_4.png\u00bb title_text=\u00bbScreenshot_4&#8243; _builder_version=\u00bb4.22.1&#8243; _module_preset=\u00bbdefault\u00bb transform_translate=\u00bb-40px|100%\u00bb transform_translate_linked=\u00bboff\u00bb positioning=\u00bbabsolute\u00bb vertical_offset=\u00bb295px\u00bb horizontal_offset=\u00bb-49px\u00bb width=\u00bb50%\u00bb box_shadow_style=\u00bbpreset3&#8243; box_shadow_vertical=\u00bb42px\u00bb box_shadow_blur=\u00bb48px\u00bb global_colors_info=\u00bb{}\u00bb][\/et_pb_image][et_pb_image src=\u00bbhttps:\/\/duayc.com.mx\/wp-content\/uploads\/civil-engineering-9.png\u00bb title_text=\u00bbcivil-engineering-9&#8243; align=\u00bbright\u00bb _builder_version=\u00bb4.19.2&#8243; _module_preset=\u00bbdefault\u00bb width=\u00bb50%\u00bb custom_margin=\u00bb-25%||||false|false\u00bb global_colors_info=\u00bb{}\u00bb][\/et_pb_image][\/et_pb_column][\/et_pb_row][\/et_pb_section][et_pb_section fb_built=\u00bb1&#8243; admin_label=\u00bbCall to Action\u00bb _builder_version=\u00bb4.22.1&#8243; _module_preset=\u00bbdefault\u00bb use_background_color_gradient=\u00bbon\u00bb background_color_gradient_stops=\u00bbrgba(18,101,121,0.2) 0%|rgba(18,101,121,0.2) 100%\u00bb background_color_gradient_overlays_image=\u00bbon\u00bb background_image=\u00bbhttps:\/\/duayc.com.mx\/wp-content\/uploads\/Screenshot_5.png\u00bb custom_padding=\u00bb0px||||false|false\u00bb saved_tabs=\u00bball\u00bb collapsed=\u00bboff\u00bb global_colors_info=\u00bb{}\u00bb][et_pb_row _builder_version=\u00bb4.19.2&#8243; _module_preset=\u00bbdefault\u00bb positioning=\u00bbabsolute\u00bb width=\u00bb30%\u00bb max_width=\u00bbnone\u00bb custom_padding=\u00bb0px||0px||true|false\u00bb global_colors_info=\u00bb{}\u00bb][et_pb_column type=\u00bb4_4&#8243; _builder_version=\u00bb4.19.2&#8243; _module_preset=\u00bbdefault\u00bb global_colors_info=\u00bb{}\u00bb][et_pb_image src=\u00bbhttps:\/\/duayc.com.mx\/wp-content\/uploads\/civil-engineering-10.png\u00bb title_text=\u00bbcivil-engineering-10&#8243; _builder_version=\u00bb4.19.2&#8243; _module_preset=\u00bbdefault\u00bb custom_margin=\u00bb-20%||||false|false\u00bb global_colors_info=\u00bb{}\u00bb][\/et_pb_image][\/et_pb_column][\/et_pb_row][et_pb_row column_structure=\u00bb1_2,1_2&#8243; _builder_version=\u00bb4.22.1&#8243; _module_preset=\u00bbdefault\u00bb custom_padding=\u00bb0px||||false|false\u00bb global_colors_info=\u00bb{}\u00bb][et_pb_column type=\u00bb1_2&#8243; _builder_version=\u00bb4.19.2&#8243; _module_preset=\u00bbdefault\u00bb global_colors_info=\u00bb{}\u00bb][\/et_pb_column][et_pb_column type=\u00bb1_2&#8243; _builder_version=\u00bb4.19.2&#8243; _module_preset=\u00bbdefault\u00bb background_color=\u00bb#e3e3e3&#8243; custom_padding=\u00bb180px|40px|180px|40px|true|true\u00bb custom_padding_tablet=\u00bb90px|30px|90px|30px|true|true\u00bb custom_padding_phone=\u00bb45px|20px|45px|20px|true|true\u00bb custom_padding_last_edited=\u00bbon|desktop\u00bb global_colors_info=\u00bb{}\u00bb][et_pb_text _builder_version=\u00bb4.22.1&#8243; _module_preset=\u00bbeb389f42-de5c-42e0-8134-606f2dbbb7de\u00bb hover_enabled=\u00bb0&#8243; global_colors_info=\u00bb{}\u00bb sticky_enabled=\u00bb0&#8243;]De acuerdo con el desempe\u00f1o y las oportunidades de crecimiento, la empresa creci\u00f3 y para el a\u00f1o 2015 se diversifico con la creaci\u00f3n de un \u00e1rea de planeaci\u00f3n Urbana integr\u00e1ndose al equipo profesionales especializados en los temas de ordenamiento territorial, y planeaci\u00f3n urbana.<\/p>\n<p>En la actualidad la capacidad y prestaci\u00f3n de servicios se ha complementado y el estudio a creado filiales de empresa especializadas a las diferentes \u00e1reas de Dise\u00f1o Arquitect\u00f3nico, construcci\u00f3n de inmuebles de diversos giros, planeaci\u00f3n urbana, direcci\u00f3n y supervisi\u00f3n de obra externa.\u00a0 hemos podido consolidar \u00e1reas de trabajo con excelente atenci\u00f3n y servicios profesionales para nuestros clientes, generando proyectos de dise\u00f1o y construcci\u00f3n, a nivel de llave en mano con todo tipo de genero de proyectos de obra civil: Habitacionales, comerciales, educativas, patrimoniales, tur\u00edsticas, industriales y de servicios, etc.[\/et_pb_text][\/et_pb_column][\/et_pb_row][\/et_pb_section][et_pb_section fb_built=\u00bb1&#8243; specialty=\u00bbon\u00bb padding_top_2=\u00bb0px\u00bb padding_bottom_2=\u00bb0px\u00bb padding_top_bottom_link_2=\u00bbtrue\u00bb padding_left_right_link_2=\u00bbfalse\u00bb admin_label=\u00bbCall to Action\u00bb _builder_version=\u00bb4.19.2&#8243; _module_preset=\u00bbdefault\u00bb inner_width=\u00bb80%\u00bb inner_module_alignment_tablet=\u00bbcenter\u00bb inner_module_alignment_phone=\u00bbcenter\u00bb inner_module_alignment_last_edited=\u00bboff|desktop\u00bb saved_tabs=\u00bball\u00bb collapsed=\u00bboff\u00bb global_colors_info=\u00bb{}\u00bb][et_pb_column type=\u00bb1_2&#8243; specialty_columns=\u00bb2&#8243; _builder_version=\u00bb4.16&#8243; _module_preset=\u00bbdefault\u00bb custom_padding=\u00bb|||\u00bb global_colors_info=\u00bb{}\u00bb custom_padding__hover=\u00bb|||\u00bb][et_pb_row_inner column_structure=\u00bb1_2,1_2&#8243; use_custom_gutter=\u00bbon\u00bb gutter_width=\u00bb1&#8243; make_equal=\u00bbon\u00bb _builder_version=\u00bb4.19.2&#8243; _module_preset=\u00bbdefault\u00bb width=\u00bb200%\u00bb width_tablet=\u00bb100%\u00bb width_phone=\u00bb\u00bb width_last_edited=\u00bbon|tablet\u00bb custom_margin=\u00bb|||-100%|false|false\u00bb custom_margin_tablet=\u00bb|||0%|false|false\u00bb custom_margin_phone=\u00bb\u00bb custom_margin_last_edited=\u00bbon|tablet\u00bb custom_padding=\u00bb0px||0px||true|false\u00bb collapsed=\u00bboff\u00bb global_colors_info=\u00bb{}\u00bb][et_pb_column_inner type=\u00bb1_2&#8243; saved_specialty_column_type=\u00bb1_2&#8243; _builder_version=\u00bb4.19.2&#8243; _module_preset=\u00bbdefault\u00bb background_color=\u00bb#DB6526&#8243; global_colors_info=\u00bb{}\u00bb][et_pb_divider show_divider=\u00bboff\u00bb _builder_version=\u00bb4.22.1&#8243; _module_preset=\u00bbdefault\u00bb background_image=\u00bbhttps:\/\/duayc.com.mx\/wp-content\/uploads\/WhatsApp-Image-2023-08-11-at-10.37.29-AM.jpeg\u00bb min_height=\u00bb382.8px\u00bb custom_margin=\u00bb||-1px|||\u00bb global_colors_info=\u00bb{}\u00bb][\/et_pb_divider][\/et_pb_column_inner][et_pb_column_inner type=\u00bb1_2&#8243; saved_specialty_column_type=\u00bb1_2&#8243; _builder_version=\u00bb4.19.2&#8243; _module_preset=\u00bbdefault\u00bb global_colors_info=\u00bb{}\u00bb][et_pb_image src=\u00bbhttps:\/\/duayc.com.mx\/wp-content\/uploads\/in_clinica1.png\u00bb title_text=\u00bbin_clinica1&#8243; _builder_version=\u00bb4.22.1&#8243; _module_preset=\u00bbdefault\u00bb custom_padding=\u00bb||3px|||\u00bb global_colors_info=\u00bb{}\u00bb][\/et_pb_image][\/et_pb_column_inner][\/et_pb_row_inner][et_pb_row_inner column_structure=\u00bb1_2,1_2&#8243; use_custom_gutter=\u00bbon\u00bb gutter_width=\u00bb1&#8243; make_equal=\u00bbon\u00bb _builder_version=\u00bb4.19.2&#8243; _module_preset=\u00bbdefault\u00bb width=\u00bb200%\u00bb width_tablet=\u00bb100%\u00bb width_phone=\u00bb\u00bb width_last_edited=\u00bbon|tablet\u00bb custom_margin=\u00bb|||-100%|false|false\u00bb custom_margin_tablet=\u00bb|||0%|false|false\u00bb custom_margin_phone=\u00bb\u00bb custom_margin_last_edited=\u00bbon|tablet\u00bb custom_padding=\u00bb0px||0px||true|false\u00bb collapsed=\u00bboff\u00bb global_colors_info=\u00bb{}\u00bb][et_pb_column_inner type=\u00bb1_2&#8243; saved_specialty_column_type=\u00bb1_2&#8243; _builder_version=\u00bb4.19.2&#8243; _module_preset=\u00bbdefault\u00bb background_color=\u00bb#DB6526&#8243; global_colors_info=\u00bb{}\u00bb][et_pb_divider show_divider=\u00bboff\u00bb _builder_version=\u00bb4.22.1&#8243; _module_preset=\u00bbdefault\u00bb background_image=\u00bbhttps:\/\/duayc.com.mx\/wp-content\/uploads\/367680434_10159194200196572_7241540996781353027_n.jpg\u00bb min_height=\u00bb382.8px\u00bb custom_margin=\u00bb||-1px|||\u00bb global_colors_info=\u00bb{}\u00bb][\/et_pb_divider][\/et_pb_column_inner][et_pb_column_inner type=\u00bb1_2&#8243; saved_specialty_column_type=\u00bb1_2&#8243; _builder_version=\u00bb4.19.2&#8243; _module_preset=\u00bbdefault\u00bb global_colors_info=\u00bb{}\u00bb][et_pb_image src=\u00bbhttps:\/\/duayc.com.mx\/wp-content\/uploads\/367963270_10159194200436572_4631488398199604398_n.jpg\u00bb title_text=\u00bb367963270_10159194200436572_4631488398199604398_n\u00bb _builder_version=\u00bb4.22.1&#8243; _module_preset=\u00bbdefault\u00bb global_colors_info=\u00bb{}\u00bb][\/et_pb_image][\/et_pb_column_inner][\/et_pb_row_inner][et_pb_row_inner column_structure=\u00bb1_2,1_2&#8243; use_custom_gutter=\u00bbon\u00bb gutter_width=\u00bb1&#8243; make_equal=\u00bbon\u00bb _builder_version=\u00bb4.19.2&#8243; _module_preset=\u00bbdefault\u00bb width=\u00bb200%\u00bb width_tablet=\u00bb100%\u00bb width_phone=\u00bb\u00bb width_last_edited=\u00bbon|tablet\u00bb custom_margin=\u00bb|||-100%|false|false\u00bb custom_margin_tablet=\u00bb|||0%|false|false\u00bb custom_margin_phone=\u00bb\u00bb custom_margin_last_edited=\u00bbon|tablet\u00bb custom_padding=\u00bb0px||0px||true|false\u00bb collapsed=\u00bboff\u00bb global_colors_info=\u00bb{}\u00bb][et_pb_column_inner type=\u00bb1_2&#8243; saved_specialty_column_type=\u00bb1_2&#8243; _builder_version=\u00bb4.19.2&#8243; _module_preset=\u00bbdefault\u00bb background_color=\u00bb#DB6526&#8243; global_colors_info=\u00bb{}\u00bb][et_pb_divider show_divider=\u00bboff\u00bb _builder_version=\u00bb4.22.1&#8243; _module_preset=\u00bbdefault\u00bb background_image=\u00bbhttps:\/\/duayc.com.mx\/wp-content\/uploads\/3-3.jpeg\u00bb min_height=\u00bb382.8px\u00bb custom_margin=\u00bb||-1px|||\u00bb global_colors_info=\u00bb{}\u00bb][\/et_pb_divider][\/et_pb_column_inner][et_pb_column_inner type=\u00bb1_2&#8243; saved_specialty_column_type=\u00bb1_2&#8243; _builder_version=\u00bb4.19.2&#8243; _module_preset=\u00bbdefault\u00bb global_colors_info=\u00bb{}\u00bb][et_pb_image src=\u00bbhttps:\/\/duayc.com.mx\/wp-content\/uploads\/TM1.jpg\u00bb title_text=\u00bbTM1&#8243; _builder_version=\u00bb4.22.1&#8243; _module_preset=\u00bbdefault\u00bb global_colors_info=\u00bb{}\u00bb][\/et_pb_image][\/et_pb_column_inner][\/et_pb_row_inner][\/et_pb_column][et_pb_column type=\u00bb1_2&#8243; _builder_version=\u00bb4.16&#8243; _module_preset=\u00bbdefault\u00bb custom_padding=\u00bb|||\u00bb global_colors_info=\u00bb{}\u00bb custom_padding__hover=\u00bb|||\u00bb][et_pb_text _builder_version=\u00bb4.19.2&#8243; _module_preset=\u00bbeb389f42-de5c-42e0-8134-606f2dbbb7de\u00bb custom_margin=\u00bb||-9px|||\u00bb global_colors_info=\u00bb{}\u00bb]<\/p>\n<h2>Nuestros Servicios\u00a0<\/h2>\n<p>[\/et_pb_text][et_pb_text _builder_version=\u00bb4.22.1&#8243; _module_preset=\u00bbd4ca95f0-5971-41bb-9927-754dc4bbdc44&#8243; global_colors_info=\u00bb{}\u00bb]<\/p>\n<p>Actualmente, para un mejor servicio en atenci\u00f3n a nuestros clientes, te mostramos las cuatro \u00e1reas de desarrollo profesional en la cual podemos servirte :<\/p>\n<blockquote>\n<p><strong>Servicios de Dise\u00f1o.<\/strong><\/p>\n<p>resolvemos el dise\u00f1o arquitectico con la creaci\u00f3n de espacios de manera funcional espacial y arquitect\u00f3nicamente, con el objeto de crear espacios ambientalmente agradables y amigables con el medio ambiente. Proponiendo materiales est\u00e9ticos y econ\u00f3micos de acuerdo con el gusto del cliente para la consolidaci\u00f3n y construcci\u00f3n de su sue\u00f1o.<\/p>\n<\/blockquote>\n<blockquote>\n<p><strong>Servicio de Construcci\u00f3n.<\/strong><\/p>\n<p><strong>\u00a0<\/strong>Realizamos la construcci\u00f3n de nuestros dise\u00f1os o construimos tu proyecto, de forma tradicional o con las altas tecnolog\u00edas seg\u00fan el tipo de dise\u00f1o y propuesta constructiva, establecida en el proyecto ejecutivo. Obras del sector educativo, habitacional, comercial y de servicios, tur\u00edsticos, industrial o cualquier tipo de obra civil.<\/p>\n<\/blockquote>\n<blockquote>\n<p><strong>Servicio de verificaci\u00f3n y supervisi\u00f3n de obra p\u00fablica y privada.<\/strong><\/p>\n<p>La prestaci\u00f3n de servicio como Supervisi\u00f3n Direcci\u00f3n y Administraci\u00f3n de obra, de acuerdo con lo acordado en el contrato con las empresas externas que requiere el servicio, se resuelve de acuerdo con lo establecido en el reglamento de construcciones para el municipio de la localidad donde se presta el servicio. Brindando todo el apoyo de gesti\u00f3n, y asesor\u00eda t\u00e9cnica constructiva.<\/p>\n<\/blockquote>\n<blockquote>\n<p><strong>Servicio de planeaci\u00f3n urbana.<\/strong><\/p>\n<p>La prestaci\u00f3n del servicio de planeaci\u00f3n urbano se realiza en apoyo a privados, sociales o entes gubernamentales. Con la elaboraci\u00f3n de programas parciales, programas municipales o estatales, estudios, sociales, urbanos, viales y ambientales.<\/p>\n<\/blockquote>\n<p>[\/et_pb_text][\/et_pb_column][\/et_pb_section][et_pb_section fb_built=\u00bb1&#8243; admin_label=\u00bbFooter\u00bb _builder_version=\u00bb4.19.2&#8243; _module_preset=\u00bbdefault\u00bb background_color=\u00bb#2E363C\u00bb overflow-x=\u00bbhidden\u00bb overflow-y=\u00bbhidden\u00bb custom_padding=\u00bb0px||||false|false\u00bb saved_tabs=\u00bball\u00bb collapsed=\u00bboff\u00bb global_colors_info=\u00bb{}\u00bb][et_pb_row column_structure=\u00bb1_4,3_4&#8243; _builder_version=\u00bb4.22.1&#8243; _module_preset=\u00bbdefault\u00bb global_colors_info=\u00bb{}\u00bb][et_pb_column type=\u00bb1_4&#8243; _builder_version=\u00bb4.19.2&#8243; _module_preset=\u00bbdefault\u00bb global_colors_info=\u00bb{}\u00bb][et_pb_text _builder_version=\u00bb4.22.1&#8243; _module_preset=\u00bbf46313a4-0a24-4358-b598-0ea1ddbb2051&#8243; header_4_text_color=\u00bb#FFFFFF\u00bb custom_margin=\u00bb||10px||false|false\u00bb global_colors_info=\u00bb{}\u00bb]<\/p>\n<h4>Datos de Contacto\u00a0<\/h4>\n<p>[\/et_pb_text][et_pb_text _builder_version=\u00bb4.22.1&#8243; _module_preset=\u00bb2a4a8dec-c5c8-4460-aef0-46abfa6bb7e6&#8243; text_text_color=\u00bb#FFFFFF\u00bb global_colors_info=\u00bb{}\u00bb]<\/p>\n<p><span><strong>Direcci\u00f3n<\/strong><span>:<\/span><span> Calle 10 No. 210 entre Calle 49b y Calle Juarez Barrio de Guadalupe, 24010 San Francisco de Campeche.<\/span><\/span><\/p>\n<p><span><strong>Telefono<\/strong>: (981) 81-62862<\/span><img \/><\/p>\n<p>[\/et_pb_text][et_pb_image src=\u00bbhttps:\/\/duayc.com.mx\/wp-content\/uploads\/1538298822.png\u00bb title_text=\u00bb1538298822&#8243; _builder_version=\u00bb4.22.1&#8243; _module_preset=\u00bbdefault\u00bb transform_scale=\u00bb136%|136%\u00bb width=\u00bb59%\u00bb max_width=\u00bb63%\u00bb module_alignment=\u00bbcenter\u00bb custom_margin=\u00bb-21px|0px||0px|false|false\u00bb custom_padding=\u00bb0px|4px|0px||false|false\u00bb global_colors_info=\u00bb{}\u00bb][\/et_pb_image][\/et_pb_column][et_pb_column type=\u00bb3_4&#8243; _builder_version=\u00bb4.19.2&#8243; _module_preset=\u00bbdefault\u00bb global_colors_info=\u00bb{}\u00bb][et_pb_code _builder_version=\u00bb4.22.1&#8243; _module_preset=\u00bbdefault\u00bb global_colors_info=\u00bb{}\u00bb]<iframe src=\"https:\/\/www.google.com\/maps\/embed?pb=!1m14!1m12!1m3!1d469.10271537189857!2d-90.53280781393026!3d19.847494845621338!2m3!1f0!2f0!3f0!3m2!1i1024!2i768!4f13.1!5e0!3m2!1ses-419!2smx!4v1694011139785!5m2!1ses-419!2smx\" width=\"850\" height=\"300\" style=\"border:0;\" allowfullscreen=\"\" loading=\"lazy\" referrerpolicy=\"no-referrer-when-downgrade\"><\/iframe>[\/et_pb_code][\/et_pb_column][\/et_pb_row][\/et_pb_section]<\/p>\n","protected":false},"excerpt":{"rendered":"<p>Estudio DUAyC Dise\u00f1o Urbano, Arquitectura y Construcci\u00f3n\u00a0 Los logros de una organizaci\u00f3n son los resultados del esfuerzo combinado de todos los individuos.En el a\u00f1o de 1995 se constituye el despacho particular del arquitecto Juan Antonio V\u00e1zquez Garc\u00eda, como un despacho de dise\u00f1o y construcci\u00f3n para atender el mercado de vivienda en la ciudad de San [&hellip;]<\/p>\n","protected":false},"author":1,"featured_media":0,"parent":0,"menu_order":0,"comment_status":"closed","ping_status":"closed","template":"","meta":{"_et_pb_use_builder":"on","_et_pb_old_content":"","_et_gb_content_width":"","inline_featured_image":false,"footnotes":""},"acf":[],"_links":{"self":[{"href":"https:\/\/duayc.com.mx\/index.php?rest_route=\/wp\/v2\/pages\/1548"}],"collection":[{"href":"https:\/\/duayc.com.mx\/index.php?rest_route=\/wp\/v2\/pages"}],"about":[{"href":"https:\/\/duayc.com.mx\/index.php?rest_route=\/wp\/v2\/types\/page"}],"author":[{"embeddable":true,"href":"https:\/\/duayc.com.mx\/index.php?rest_route=\/wp\/v2\/users\/1"}],"replies":[{"embeddable":true,"href":"https:\/\/duayc.com.mx\/index.php?rest_route=%2Fwp%2Fv2%2Fcomments&post=1548"}],"version-history":[{"count":13,"href":"https:\/\/duayc.com.mx\/index.php?rest_route=\/wp\/v2\/pages\/1548\/revisions"}],"predecessor-version":[{"id":2778,"href":"https:\/\/duayc.com.mx\/index.php?rest_route=\/wp\/v2\/pages\/1548\/revisions\/2778"}],"wp:attachment":[{"href":"https:\/\/duayc.com.mx\/index.php?rest_route=%2Fwp%2Fv2%2Fmedia&parent=1548"}],"curies":[{"name":"wp","href":"https:\/\/api.w.org\/{rel}","templated":true}]}}